et j = 6 + -3. Suppose 5*i + 4*n = 2*n - 14, -10 = 2*i + j*n. Let b be (-1 + 5 - i)/(-1). Calculate z(b).
6
Let j(d) be the first derivative of d**2/2 + d - 10. Determine j(-4).
-3
Let q(j) = -69 - 2*j + 144 - 76. What is q(3)?
-7
Let f(c) = c**3 - 6*c**2 - 5*c - 7. Let r be -3*(-40)/12 - 3. Calculate f(r).
7
Let t be ((-2)/4)/((-3)/6). Let v(j) be the second derivative of j**4/12 - j**3/2 + j**2/2 + j. Calculate v(t).
-1
Let i(b) be the second derivative of b**5/20 - b**4/4 - 2*b**3/3 + b**2/2 - 5*b. What is i(4)?
1
Let n(b) = -4*b**2 + b - 4. Let r(l) = -2*l + 1. Let p = 3 - 4. Let i(k) = k**2 + 1. Let v(a) = p*r(a) - 3*i(a). Let y(f) = -2*n(f) + 3*v(f). Determine y(3).
-1
Let v(m) = -2*m - 8. Let o(k) = 6*k + 24. Let q(i) = 5*o(i) + 16*v(i). Let g be (-2)/(-4)*-3*4. Determine q(g).
4
Let y(i) be the first derivative of i**4/4 - 4*i**3/3 + 2*i**2 - i + 5. Give y(3).
2
Suppose d + 18 = 5*c, c + 0*c + 4*d - 12 = 0. Let l(a) = -5*a**2 - 2 + 3*a - a**3 + 5*a**3 - 3*a**3. Determine l(c).
-6
Let s(p) = p**2 - 4*p - 3. Let a(n) = -2*n**2 + 8*n + 6. Let h(w) = -4*a(w) - 7*s(w). Calculate h(4).
-3
Suppose 7*g - 2*g - 15 = 0. Let n(v) = -2*v - 5*v**2 + 2*v**2 + 12*v**2 - v**3 - 5*v**2 + 4. Determine n(g).
7
Let m(s) = 1. Let w(u) = 3*u - 8. Let t(r) = 6*m(r) + w(r). Let z(h) = 2*h**3 - h - 1. Suppose -10*f = -11*f - 1. Let d be z(f). Give t(d).
-8
Let q(v) be the second derivative of -v**4/12 + 5*v**3/6 + v**2 - v. What is q(3)?
8
Suppose -2*y + 12 = y - h, 2*h = 5*y - 20. Let o(z) = 1 - 2*z**2 + z**2 + 0*z + y*z**2 + 2*z. Suppose -4*t - 2 - 12 = 2*c, -2 = -4*c + 2*t. Calculate o(c).
2
Let f(a) = 2*a - 1. Suppose 3*o + 10 - 19 = 0. What is f(o)?
5
Let b(n) be the first derivative of 16*n**3/3 + n**2 + n - 10. What is b(-1)?
15
Suppose -7 - 17 = -6*l. Let t(h) be the second derivative of -2*h + 0 - 5/6*h**3 - 1/12*h**l + 3*h**2. What is t(-6)?
0
Let g(d) be the third derivative of -d**6/120 + d**5/10 + 7*d**4/24 - d**3/3 + 9*d**2. Calculate g(7).
-2
Let x(s) = -s - 13. Let g(o) = 1. Let f(i) = -5*g(i) - x(i). Determine f(-7).
1
Suppose 13 = h + 2*q, -2*h - 3*q + 7 = -23. Suppose -h = u - 5*g, 0 = -5*u + g + g - 13. Let m(d) be the second derivative of 5*d**4/12 + d**2/2 - d. Give m(u).
6
Suppose -k + 6 + 1 = 0. Let v(f) = -f + 3*f + k + 0*f + f**2 - f. Let h(c) = -c - 3. Let r be h(-3). Give v(r).
7
Let q(r) = -r**3 - 4 + 3*r + 6*r - 5*r**2 - 5*r. Let z(l) = 0*l + 6*l - l**3 + l - 2*l - 5*l**2 - 5. Let x(k) = 5*q(k) - 4*z(k). Give x(-5).
0
Let a(b) be the first derivative of b**2/2 + b + 12. Determine a(-3).
-2
Let a(l) = 3*l**3 - 15*l**2 - 17*l + 9. Let x(p) = p**3 - 5*p**2 - 6*p + 3. Let i(c) = -3*a(c) + 8*x(c). Give i(5).
12
Let d(k) = 6*k - 2. Let g be d(2). Suppose -2*i - g = -4*i. Let t = i - 9. Let l(a) = 4*a + 5. Determine l(t).
-11
Let f(w) = w**2 - 1. Let y be f(2). Let a(z) = z**3 - z**2 + 2*z + 2. Determine a(y).
26
Let y = -17 + 19. Let c(k) = k**3 + k**2 - 2*k - 1. Calculate c(y).
7
Let z(d) = 9*d - 5. Let k be z(1). Let a(o) = -o**3 - o + o**2 + 3*o**2 - 5 + 0*o**2. Determine a(k).
-9
Let d(w) = -3*w + 3. Let u(f) = 10*f - 8. Let n(c) = -7*d(c) - 2*u(c). What is n(3)?
-2
Suppose -4*a + 3*y + 25 = 0, -4*y - 32 = 4*a - 9*a. Let t(c) = 3*c - a*c + 4 - c**2 + 1. Calculate t(0).
5
Let f be 2/(-6) - (4 + 4/(-3)). Let b(j) = 3*j + 2. Give b(f).
-7
Suppose 4 = 5*w - 6. Suppose -f = 2*x + w + 2, -f = -x + 4. Let h(q) be the second derivative of -q**3/2 - 3*q**2 + q. Give h(f).
6
Let w(i) = i**2 + 10*i + 10. Let l be -14 + 5 - 1*(-3 - -1). What is w(l)?
-11
Let z = -5 - -7. Let i = 2 - 1. Let m(g) = -i + 5 - g + z*g. Give m(-4).
0
Suppose -4*o = -29 + 5. Let w(v) = 3*v**3 + 0 - 4*v + o*v**2 + 5 - 4*v**3 - 3*v. Calculate w(5).
-5
Let z(c) = -c**2 + 3*c + 4. Let n be 17/5 + 45/75. What is z(n)?
0
Suppose -3*o - 5*p = -p, 2*o + 3*p = 1. Let r(u) = -3*u - 6. Give r(o).
6
Let b(i) be the first derivative of -i**4/4 - i**3 - i**2 - 3*i + 1. Let w be b(-3). Let o(q) = q**2 - 4*q + 1. What is o(w)?
-2
Let i(t) = -t + 8. Let f be i(6). Suppose -1 - 39 = 5*u + 3*n, 4*n = f*u - 10. Let m(z) = -2*z - 5 + 0 - 2. Calculate m(u).
3
Let z(r) = -13 + 4 + 12 + 4*r. Calculate z(-3).
-9
Let a(p) = 6*p + 9*p - 16*p - 3. Calculate a(-5).
2
Suppose d = m - 5, -4*m - m - d + 49 = 0. Let h be (m/(-12) + 0)*4. Let b(q) = 0 + q**2 - 7 + 3*q + 3. Give b(h).
-4
Let z = 8 - 2. Let k(n) = -3 + 2*n + z + 1. Let g = -10 - -5. Calculate k(g).
-6
Let p = -3 + 6. Let i(a) = -a**2 + a + 1. Let x be i(p). Let h(d) = 3*d + 6. Determine h(x).
-9
Let c(t) = -t**3 + 3*t - 2. Let y be (-25)/5*14/(-5). Let p = -9 + y. Suppose -p*v + 1 = -9. Determine c(v).
-4
Suppose 0*a = 2*a - 14. Suppose -a = -4*y + 9. Let p(w) be the third derivative of w**4/24 - 2*w**2. What is p(y)?
4
Let n be 3/(-5) - 92/(-20). Let g(o) = -n*o + 1 - 1. What is g(-2)?
8
Let j(k) = k - 5. Let w = -60 - -65. Determine j(w).
0
Let i(u) = u**3 + 7. Suppose 2*x - 3 = -x. Suppose h - 2 = k, 0 = -2*k - k - 4*h + 1. Let o be 3/(-3)*k - x. Give i(o).
7
Let d(s) = -s**2 + 11*s - 6. Let b be d(10). Let p(x) = x**3 - 3*x - 6. Let h(t) = -t**3 + t**2 + 2*t + 5. Let o(a) = 4*h(a) + 3*p(a). Give o(b).
-2
Let k(t) = 11*t + 13. Let v(d) = -6*d - 6. Let b(c) = 6*k(c) + 13*v(c). Let o(w) = 4*w. Let i be 18/4*2/(-3). Let g(x) = i*b(x) - 8*o(x). Give g(-1).
-4
Let t be -4 + (3 + -3)/4. Let k(u) = -u**2 - 4*u - 5. Calculate k(t).
-5
Let p(f) = -f - 6. Let i be p(-8). Let n(z) = -z**3 + 3*z**2 - 2*z + 1. Determine n(i).
1
Let q(v) = -v**2 + 6*v - 9. Suppose -3 = 2*p + 9. Let y = p + 12. Determine q(y).
-9
Suppose 3*a = -2*a. Let s(b) = 2. Let c(h) = -h + 14. Let u(t) = -c(t) + 2*s(t). What is u(a)?
-10
Let p(s) = 2*s**2 + 9 - 6*s**2 - s**2 + 11*s. Let o(f) = 14*f**2 - 32*f - 26. Suppose 0 = k - 5*k - 68. Let a(j) = k*p(j) - 6*o(j). What is a(-3)?
-3
Let o be 1/(-6) - 258/(-36). Let g(w) = w**2 + 5*w + 2. Let j(l) = -4*l**2 - 16*l - 6. Let k(c) = o*g(c) + 2*j(c). Determine k(5).
-8
Let g(i) = -i**3 + i**2 + i. Let j(x) = -3*x**3 + 10*x**2 + x + 1. Let u(s) = -2*g(s) + j(s). Determine u(8).
-7
Let a(p) = 5*p - 1 - 4*p**2 + 4*p - 7*p + p**3. What is a(3)?
-4
Suppose 0 = 11*r - 7*r. Suppose 0 = -r*i - 5*i - 10. Let b(t) = -t**3 - 2*t**2 - 4*t - 2. Give b(i).
6
Let a(d) = d**3 + d + 2. Let y(n) = -n**3 + n**2 + n - 2. Let v be y(0). Calculate a(v).
-8
Let j(b) = 7*b**3 - 7*b**2 + b + 16. Let r(n) = -6*n**3 + 6*n**2 - n - 15. Let d(m) = 5*j(m) + 6*r(m). Calculate d(0).
-10
Let k(y) = y - 10. Let v be (129/(-27))/(-1) - 6/(-27). Calculate k(v).
-5
Let y(g) = 8*g + 1. Let m be (-6)/(-15)*(-1 - -6). Suppose -m*t - 5 = 3*t. Calculate y(t).
-7
Let b(v) = -v - 4. Suppose -2*x = -4 - 6. Suppose -12 = x*w - 3*w. Determine b(w).
2
Suppose f + 3 = -3*n + 16, -4*n + 24 = 3*f. Let z(k) = -2*k**2 + 2*k + 3. Let i(m) = 5*m**2 - 5*m - 7. Let a(s) = 3*i(s) + 7*z(s). What is a(n)?
6
Let x be (2/2)/((-1)/(-1)). Let t = x + -6. Let m(l) be the third derivative of -l**5/60 - 5*l**4/24 + l**3 - 3*l**2. Determine m(t).
6
Suppose 0 = 4*b + 11 - 23. Let o(x) be the second derivative of 0 + x + 1/2*x**2 + 7/6*x**b. Determine o(1).
8
Suppose 2*n = -t + 2, 5*n - 3 - 9 = t. Let k(i) = -3*i**3 - 11*i**2 + 8*i + 17. Let z(x) = x**3 + 4*x**2 - 3*x - 6. Let j(c) = 6*k(c) + 17*z(c). Give j(n).
-6
Suppose c = -s - 6, -3*c - 4 = -2*s + 4. Let j = -1 + 3. Let p(z) = -j*z**2 + 5*z**2 - z**2 - 2. Give p(s).
6
Let w be 2/(-15) + (-8)/(-60). Let l(y) be the third derivative of y**5/60 - y**4/24 - 5*y**3/3 + y**2. Calculate l(w).
-10
Let c be (-28)/21*(-6)/4. Suppose -c*k = 4 - 14. Let x(i) = -i**3 + i**2 + 5*i + 4. Let g(b) = b**3 - 2*b**2 - 4*b - 4. Let s(q) = -4*g(q) - 3*x(q). Give s(k).
9
Suppose 7*f - 2*f - 110 = 0. Suppose 4*y + 19 = -g, -f = 4*y + g - 3*g. Let a(h) = -h - 6. What is a(y)?
-1
Let q(c) = c**3 + 2*c**2 - 3*c + 1. Let d = 129 - 121. Suppose -4*x = -x - 33. Let b = d - x. Calculate q(b).
1
Let w(x) = -x**3 + 5*x**2 + x. Let q = -17 + 24. Let n(l) = l**3 - 8*l**2 + 8*l - 7. Let d be n(q). Suppose d = r - 2*r + 5. Calculate w(r).
5
Let u(v) = 5*v - 11. Let t(h) = -h. Let b(i) = -6*i + 21. Let d(p) = b(p) + 3*t(p). Let j be (11 + 2)/(-1) + 2. Let c(z) = j*u(z) - 6*d(z). What is c(-4)?
-1
Suppose 0 = 19*b + 14 - 128. Let g(i) = -i**2 + 6*i + 6. What is g(b)?
6
Let v(